hat are the prime factors of c?
2, 3
Let w(d) = -260*d**3 - 2*d**2 + 7*d + 4. List the prime factors of w(-3).
5, 11, 127
Suppose -35*l + 2450 = -1386 - 294. Let o(b) = -b**2 - 7*b - 3. Let s be o(-5). Suppose s*y + l = 8*y. List the prime factors of y.
2, 59
Suppose 5*q + 39868 = 3*a - 222572, 4*a + 3*q = 350007. What are the prime factors of a?
3, 5, 19, 307
Let i be ((-60)/(-90))/(-2 + 7) - 354/(-45). Suppose 5*m + 5 = -5*l, -2*l - m = 3*l - 3. What are the prime factors of (l/2)/(i/1760)?
2, 5, 11
Let t(k) = -11*k**2 - k - 2. Let s be t(2). Let u = s + 50. Suppose -u*c - 6*c = -1016. What are the prime factors of c?
127
Suppose 3*r + 60 - 18 = 0. Let x be (-84)/(-10)*175/10. List the prime factors of (14/(-3))/(r/x).
7
Let w = 94 + -99. Let h(s) = 8 - 4 - 3*s**3 + 4*s**3 - 2*s**3 + 10*s. List the prime factors of h(w).
79
Let v(j) = j**3 - 9*j**2 + 9*j - 2. Let z be v(8). Suppose z*b = 139 + 1865. What are the prime factors of b?
2, 167
Let y(b) be the second derivative of -b**3/6 + 8*b**2 + 20*b. Let a be y(12). What are the prime factors of -1 + -1*(-70 - a)?
73
Suppose -444*o + 224400 = 450*o - 890*o. List the prime factors of o.
2, 3, 5, 11, 17
Let a = 13091 - 11049. What are the prime factors of a?
2, 1021
Suppose 0 = -3*n - 4 - 14. Let i be 2*((-3)/(-4) + -1)*n. Suppose 4*x = z + 463, -6*x + 4*x = -i*z - 229. What are the prime factors of x?
2, 29
Suppose 0 = s + 2*p - 4, 8*s + 2*p = 4*s + 40. Suppose -4140 = s*i - 12852. List the prime factors of i.
2, 3, 11
Suppose 6*t - 3*t = 2*q + 5, -3*t + 4*q + 1 = 0. Suppose p - t = -4. List the prime factors of -20*p/1*(-18)/(-8).
3, 5
Suppose 0 = -2*y + 2*d + 336, 3*y - 3*d = -8*d + 520. Suppose 8*i - y = -2*i. Let k(a) = -a**3 + 18*a**2 - 12*a + 3. List the prime factors of k(i).
2, 11
Suppose 0 = 5*o + 2*r + 761 - 229, 528 = -5*o + 2*r. Let n = o + 100. What are the prime factors of (n/4)/(-4*7/1624)?
3, 29
Suppose 42 - 2 = -a - 3*w, -5*w = -4*a - 211. Let j be (a - 1)*(-18)/(-45). List the prime factors of (-30)/(j/8 + 1).
2, 5
Let m(l) = l**3 + 10*l**2 - 10. Let v be m(-10). Let u(x) = x**3 + 14*x**2 + 14*x - 7. Let o be u(v). Let h = o - 163. List the prime factors of h.
2, 3, 5
Let m = 87 - 84. Suppose -5*o - m*j + 452 = 0, 0 = 4*o + 3*j - 373 + 12. What are the prime factors of o?
7, 13
Let h(x) = -4*x - 3. Let b be h(-2). Let r(k) = k**3 - k**2 + 11*k. Let p be r(b). Suppose 0*y + p = y. What are the prime factors of y?
5, 31
Suppose -2*j = -2*s - 12, 5*j - 9 - 28 = -2*s. Suppose -4*t + 7938 = z, 3*z = j*t - 9*t + 3974. List the prime factors of t.
2, 31
Suppose -4*j - 603 = -5*k + 3321, 4*j - 804 = -k. Suppose 4*i - k = -4*b, -4*b = -2*i + 5*i - 592. List the prime factors of i.
2, 7
Suppose 0 = 7*p - 26*p + 10*p. Suppose -7*l - 3995 = -5*s - 6*l, -5*s - 2*l + 3995 = p. List the prime factors of s.
17, 47
Let f = 59 + -54. Suppose q + f = 7. Suppose 3*h = q*h - w + 156, 10 = -5*w. What are the prime factors of h?
2, 79
Suppose -1 = -2*x - 2*y - 5, -4*y = x + 5. Let q be (-2)/4*4/x. Suppose -4*j + c + 514 = 0, 0*j - 5*c = -q*j + 266. List the prime factors of j.
2
Suppose 2801*b - 2786*b = 180. Let u = 12 + 121. Let x = u + b. What are the prime factors of x?
5, 29
Let o(x) = 398*x + 351. Let v(y) = 133*y + 117. Let p(q) = -3*o(q) + 8*v(q). What are the prime factors of p(-3)?
3, 7, 13
Let v(r) = 5*r**2 - 22. Let z(k) = 2*k**2 - k - 1. Let w(n) = -v(n) + 3*z(n). List the prime factors of w(6).
37
Suppose -4*o + j = -58131, 3*o - 43597 = -883*j + 885*j. List the prime factors of o.
14533
Suppose 10 = 65*z - 60*z. Let s(j) = -24*j**z + 54 - j**3 + 14*j - 32*j + 8*j. List the prime factors of s(-24).
2, 3, 7
Let x(z) = -2 - 13 - 13*z + 2 - 14. Let k = 4 - 9. List the prime factors of x(k).
2, 19
Suppose 4 = 48*i - 46*i. Suppose 3*s - 741 = -5*f + 668, s + 557 = i*f. List the prime factors of f.
2, 5, 7
Suppose 45 = -7*z + 24. Let t(u) = 7*u**2 + u - 7. What are the prime factors of t(z)?
53
Suppose 0 = -5*c + 5*x + 8099 + 8401, -x = -5*c + 16504. List the prime factors of c.
3301
Let w = -19 - -18. List the prime factors of (1746 - -7 - w) + -8.
2, 3, 97
Let l(x) = 2*x**2 + 41*x + 61. Let r(z) = z**2 + 20*z + 30. Let q(k) = -2*l(k) + 5*r(k). Let o be q(-19). Let p = 66 - o. What are the prime factors of p?
19
Let p = 365 - 534. Let a be 1 - 1 - (29 + 0). Let s = a - p. What are the prime factors of s?
2, 5, 7
Suppose 0 = 2*o + 6*o + 352. Let p = o - -49. List the prime factors of p.
5
Suppose 87*v + 99*v - 109886 = 172*v. List the prime factors of v.
47, 167
Suppose 0 = 29*r - 39781 - 117109. List the prime factors of r.
2, 5, 541
Let s(d) = -9*d + 9 + 2*d + 6*d. Let u be s(-3). List the prime factors of 13*(-9)/(-2)*16/u.
2, 3, 13
Let j = 8306 - 3336. List the prime factors of j.
2, 5, 7, 71
Let s(u) = 6625*u**2 - 2*u - 3. Let i be s(-1). Suppose 8*t = -4*t + i. List the prime factors of t.
2, 3, 23
Suppose 2*b = -5*p + 52891, 7*p + b = -2*p + 95222. List the prime factors of p.
3, 3527
Let w(q) = q**3 + 26*q**2 + 26*q + 14. Suppose 4*d - 2*d + 5*r + 75 = 0, 0 = -d + 5*r. Let j be w(d). Let b(f) = -6*f + 30. What are the prime factors of b(j)?
2, 3
Let g(q) be the first derivative of -2*q**4 - 2*q**3/3 - q**2/2 + 1478*q - 37. What are the prime factors of g(0)?
2, 739
Suppose -39*o + 2954 = -33277. List the prime factors of o.
929
Suppose 17*o = -24*o + 538818 + 201027. List the prime factors of o.
3, 5, 401
Suppose 0 = 4*r + 2*d - 4, 0*d = 2*r - d + 6. What are the prime factors of -72*(68/(-12) + r)?
2, 3, 5
Let u(p) = p**3 - 12*p**2 + 22*p - 18. Let w be u(10). Suppose -4*h - 826 = -w*g, 36*g - 37*g - 3*h + 423 = 0. What are the prime factors of g?
3, 139
List the prime factors of (-1)/((-10)/(-2800)*-10*8/6662).
7, 3331
Let n(q) = -2*q**2 - q - 2 + 6*q - q**3 + q. Suppose -4*b = 142*w - 137*w + 31, -2*w + 14 = -5*b. What are the prime factors of n(b)?
2, 3
Suppose -105*u + 763504 + 52479 = -211757. What are the prime factors of u?
2, 2447
Let n(z) = 43905*z**2 - 593*z - 591. What are the prime factors of n(-1)?
23, 83
Suppose -11*t = -21246 - 44380. What are the prime factors of t?
2, 19, 157
Suppose 9 = 10*x - 7*x. Let b(z) = -z + 224 - 108 + 5*z**3 - x*z**3 + z**2 - 112. What are the prime factors of b(3)?
2
Let p(j) = 2*j**3 + j**2 - 61*j + 27. What are the prime factors of p(11)?
3, 23, 31
Let s(w) = -479*w**3 + 20*w**2 - 11*w + 20. Let u(p) = 160*p**3 - 7*p**2 + 4*p - 7. Let j(b) = 3*s(b) + 8*u(b). What are the prime factors of j(-2)?
2, 3, 71
Suppose 4*m = -16, -20*m = -w - 11*m + 6209. List the prime factors of w.
6173
Suppose -4*g + 713 = -883. Let k be g/105 - 4/5. Suppose -5*z - 404 = -3*i, k*i = 4*z - z + 414. List the prime factors of i.
11, 13
Let x be (-6 - (-27129)/(-6))*(-2)/5. Suppose -5*z = -3*i - x, 2*i - 879 = -2*z - 145. List the prime factors of z.
2, 7, 13
Suppose 10426 + 28214 = 12*n. What are the prime factors of n?
2, 5, 7, 23
Let w(h) = h**3 + 6*h**2 + 10*h + 9. Let q be w(-4). List the prime factors of 1662*q/3 + 2/2.
3, 5, 37
Suppose 27*v - 8332074 = -87*v - 32*v. What are the prime factors of v?
3, 17, 373
Let n(s) = -37*s + 110. Let l be n(-15). Let a = l + -378. List the prime factors of a.
7, 41
Let i(y) = -y**2 - 20*y - 49. Let h be i(-17). Suppose -h = v - 267. List the prime factors of v.
5, 53
Let r be 1/(((-2)/(-30))/((-14)/35)). Let a be 0 + 2/r - 10164/(-9). Suppose 0*o + 3*j = -5*o + a, j - 899 = -4*o. What are the prime factors of o?
2, 7
Suppose 4*c + 13497 + 11954 = 3*h, -3*c = 6. List the prime factors of h.
3, 11, 257
Let a(s) = -9*s**3 - 10*s**2 - 9*s + 31. What are the prime factors of a(-10)?
3, 2707
Let n be (-2912)/(-10) + 30/(-150). Suppose -2*o = -n - 133. List the prime factors of o.
2, 53
Let r = 14661 + 31396. List the prime factors of r.
11, 53, 79
Suppose 3*b - 4 = -2*g + 2, 5*b = g - 3. What are the prime factors of (b - 806)*(0 + -5)/5?
2, 13, 31
Suppose 4*f - 1218 = -3*t - 218, -2*f - 3*t = -494. Suppose 32*c = -2*k + 30*c + 150, -f = -3*k + 4*c. List the prime factors of k.
79
Suppose 3*j + 3 = -0*j. List the prime factors of (164 + -19)/(j + 2).
5, 29
Suppose 14*j + 898 = 7*j + 9*j. List the prime factors of j.
449
List the prime factors of 9/(-28) + (-51)/204 - 1318518/(-21).
2, 31393
Suppose 3*l = -12, -106496 = 